{"id":25,"date":"2014-05-21T22:43:49","date_gmt":"2014-05-21T20:43:49","guid":{"rendered":"http:\/\/kanzlei-strueber.de\/neu\/?page_id=25"},"modified":"2023-07-27T19:57:55","modified_gmt":"2023-07-27T17:57:55","slug":"rechtsanwalt","status":"publish","type":"page","link":"https:\/\/kanzlei-strueber.de\/?page_id=25","title":{"rendered":"Rechtsanwalt"},"content":{"rendered":"<table>\n<tbody>\n<tr>\n<td><img loading=\"lazy\" decoding=\"async\" class=\"size-medium wp-image-27\" src=\"http:\/\/kanzlei-strueber.de\/wp-content\/uploads\/2014\/05\/hubertus-203x300.jpg\" alt=\"Rechtsanwalt Hubertus Str\u00fcber\" width=\"203\" height=\"300\" srcset=\"https:\/\/kanzlei-strueber.de\/wp-content\/uploads\/2014\/05\/hubertus-203x300.jpg 203w, https:\/\/kanzlei-strueber.de\/wp-content\/uploads\/2014\/05\/hubertus.jpg 521w\" sizes=\"auto, (max-width: 203px) 100vw, 203px\" \/><\/td>\n<td>\n<table>\n<tbody>\n<tr>\n<td>\n<h5>Rechtsanwalt Hubertus Str\u00fcber<\/h5>\n<h6>Fachanwalt f\u00fcr Arbeitsrecht<\/h6>\n<\/td>\n<\/tr>\n<\/tbody>\n<\/table>\n<\/td>\n<\/tr>\n<\/tbody>\n<\/table>\n<p>Studium der Rechtswissenschaften in G\u00f6ttingen (Georg-August-Universit\u00e4t) und Freiburg (Albert-Ludwig-Universit\u00e4t).<\/p>\n<p>Vorbereitungsdienst zum Abschluss der Bef\u00e4higung zum Richteramt am Landgericht Baden- Baden; Abschluss mit \u201ePr\u00e4dikatsexamen\u201c.<\/p>\n<p>Seit 1994 Zulassung als Rechtsanwalt in wirtschafts- und zivilrechtlich ausgerichteten Kanzleien in Freiburg, Denzlingen und Bad Reichenhall.<\/p>\n<p>Seit 2005 Fachanwalt f\u00fcr Arbeitsrecht.<\/p>\n<p>Mitglied des Anwaltsvereins Berchtesgadener Land e. V.<br \/>\nDozent f\u00fcr die IHK M\u00fcnchen\/Oberbayern<br \/>\nDozent f\u00fcr den Anwaltsverein Berchtesgadener Land<br \/>\nEhem. Elternbeiratsvorsitzender am Rottmayr-Gymnasium in Laufen<\/p>\n","protected":false},"excerpt":{"rendered":"<p>Rechtsanwalt Hubertus Str\u00fcber Fachanwalt f\u00fcr Arbeitsrecht Studium der Rechtswissenschaften in G\u00f6ttingen (Georg-August-Universit\u00e4t) und Freiburg (Albert-Ludwig-Universit\u00e4t). Vorbereitungsdienst zum Abschluss der Bef\u00e4higung zum Richteramt am Landgericht Baden- Baden; Abschluss mit \u201ePr\u00e4dikatsexamen\u201c. Seit 1994 Zulassung als Rechtsanwalt in wirtschafts- und zivilrechtlich ausgerichteten Kanzleien in Freiburg, Denzlingen und Bad Reichenhall. Seit 2005 Fachanwalt f\u00fcr Arbeitsrecht. Mitglied des Anwaltsvereins Berchtesgadener &hellip; <a href=\"https:\/\/kanzlei-strueber.de\/?page_id=25\" class=\"more-link\"><span class=\"screen-reader-text\">Rechtsanwalt<\/span> weiterlesen <span class=\"meta-nav\">&rarr;<\/span><\/a><\/p>\n","protected":false},"author":1,"featured_media":0,"parent":0,"menu_order":0,"comment_status":"closed","ping_status":"open","template":"","meta":{"footnotes":""},"class_list":["post-25","page","type-page","status-publish","hentry"],"_links":{"self":[{"href":"https:\/\/kanzlei-strueber.de\/index.php?rest_route=\/wp\/v2\/pages\/25","targetHints":{"allow":["GET"]}}],"collection":[{"href":"https:\/\/kanzlei-strueber.de\/index.php?rest_route=\/wp\/v2\/pages"}],"about":[{"href":"https:\/\/kanzlei-strueber.de\/index.php?rest_route=\/wp\/v2\/types\/page"}],"author":[{"embeddable":true,"href":"https:\/\/kanzlei-strueber.de\/index.php?rest_route=\/wp\/v2\/users\/1"}],"replies":[{"embeddable":true,"href":"https:\/\/kanzlei-strueber.de\/index.php?rest_route=%2Fwp%2Fv2%2Fcomments&post=25"}],"version-history":[{"count":9,"href":"https:\/\/kanzlei-strueber.de\/index.php?rest_route=\/wp\/v2\/pages\/25\/revisions"}],"predecessor-version":[{"id":126,"href":"https:\/\/kanzlei-strueber.de\/index.php?rest_route=\/wp\/v2\/pages\/25\/revisions\/126"}],"wp:attachment":[{"href":"https:\/\/kanzlei-strueber.de\/index.php?rest_route=%2Fwp%2Fv2%2Fmedia&parent=25"}],"curies":[{"name":"wp","href":"https:\/\/api.w.org\/{rel}","templated":true}]}}